- 252*x - 4. What is s(-63)?
-4
Let v(g) = -14*g**2 + 282*g - 46. Determine v(20).
-6
Let u(d) = 8*d**2 + 156*d - 13. Determine u(-19).
-89
Let x(j) = -j**2 - 97*j - 2144. Determine x(-63).
-2
Let p(i) = -i**3 - 24*i**2 + 81*i - 10. Give p(-27).
-10
Let z(m) = -5*m**2 + 687*m - 287. Give z(137).
-13
Let l(i) = i**3 + 22*i**2 + 36*i - 81. Determine l(-20).
-1
Let x(m) = -m**2 + 101*m - 920. Calculate x(10).
-10
Let o(t) = t**3 - 29*t**2 + 35*t - 216. Determine o(28).
-20
Let b(g) = g**2 + 14*g - 179. Give b(9).
28
Let f(j) = -8*j**2 + 48*j + 184. Give f(9).
-32
Let v(t) = -884*t + 844. Give v(1).
-40
Let t(f) = -6*f**2 - 16*f + 16. Give t(-4).
-16
Let o(a) = a**2 - 105*a + 2298. Give o(74).
4
Let p(b) = -55*b**2 - 24*b - 4. What is p(-2)?
-176
Let v(k) = 6*k - 156. What is v(38)?
72
Let x(s) = s**3 + 8*s**2 - 456*s - 3233. What is x(-7)?
8
Let b(k) = -2*k**2 + 16*k + 355. What is b(-10)?
-5
Let v(c) = -c**3 + c**2 - 3*c - 58. Determine v(0).
-58
Let y(z) = -66*z**2 - 193*z + 17. Calculate y(-3).
2
Let z(k) = -78*k - 217. Calculate z(-3).
17
Let b(l) = -2*l**2 + 611*l - 18935. What is b(35)?
0
Let k(g) = 62*g - 21. Give k(3).
165
Let n(p) = -4*p**2 - 106*p + 438. Determine n(-30).
18
Let n(b) = -b**3 - 41*b**2 + 11*b + 133. Give n(-41).
-318
Let s(k) = -100*k**2 + 7999*k + 110. What is s(80)?
30
Let o(f) = -3266*f - 55527. Determine o(-17).
-5
Let m(u) = u**3 - 2*u**2 - 193*u - 7. Give m(15).
23
Let s(p) = p**3 - 7*p**2 + 10*p - 98. Determine s(7).
-28
Let u(f) = 1190*f - 1300. What is u(1)?
-110
Let x(k) = -49*k + 784. Calculate x(14).
98
Let y(t) = 35806*t + 179017. Determine y(-5).
-13
Let w(v) = 586*v - 547. Determine w(1).
39
Let m(s) = -3*s**3 - 24*s**2 - 4*s - 18. Determine m(-7).
-137
Let a(o) = -o**3 - o**2 + 53*o + 66. What is a(-7)?
-11
Let q(d) = -9*d**2 + 22*d + 109. Calculate q(-4).
-123
Let i(t) = 220*t - 6388. Calculate i(29).
-8
Let y(x) = 64*x - 3820. What is y(61)?
84
Let v(p) = 16*p**2 + 104*p - 357. Give v(-9).
3
Let m(l) = -10*l + 112. What is m(28)?
-168
Let p(d) = -79*d**3 + 8*d**2 + 5*d + 1. Give p(-1).
83
Let g(i) = 138*i**2 - 19*i + 30. Calculate g(2).
544
Let c(p) = -20*p**3 + 619*p**2 + 33*p - 71. What is c(31)?
-9
Let o(u) = -u**3 - 13*u**2 + 28*u + 32. Determine o(-15).
62
Let c(s) = s**3 + 13*s**2 + 50*s + 643. What is c(-13)?
-7
Let a(q) = q**3 - 14*q**2 - 12*q - 38. Determine a(15).
7
Let t(g) = -109*g - 2375. Give t(-22).
23
Let b(k) = -k**3 - 8*k**2 - k - 87. What is b(-9)?
3
Let n(y) = -y**3 - 7*y**2 + 42*y + 10. What is n(-11)?
32
Let h(w) = -2*w**2 + 26*w + 133. Determine h(18).
-47
Let x(o) = 30*o**2 - 431*o + 77. Calculate x(14).
-77
Let t(u) = -u**3 - 66*u**2 + 432*u + 7. Calculate t(-72).
7
Let t(j) = -4*j**2 - 102*j + 992. What is t(-33)?
2
Let o(z) = z**2 + 237*z + 470. Determine o(-2).
0
Let r(t) = 3*t + 46. Determine r(-17).
-5
Let f(d) = d**2 - 67*d + 970. Calculate f(21).
4
Let f(l) = 66*l + 345. What is f(-3)?
147
Let n(o) = 4*o**3 + 666*o**2 + 327*o - 872. What is n(-166)?
-42
Let n(y) = 70*y + 10. Give n(2).
150
Let x(a) = 2*a**3 - 42*a**2 + 46*a - 48. What is x(20)?
72
Let i(o) = o**2 + 6*o - 63. Give i(-14).
49
Let l(a) = a**3 - 50*a**2 + 120*a + 986. Give l(47).
-1
Let q(m) = -5*m**3 - 87*m**2 - 38*m - 88. Calculate q(-17).
-20
Let t(y) = y**2 - 9*y + 77. Give t(15).
167
Let z(w) = -45*w - 437. Give z(-10).
13
Let m(x) = x**3 - 64*x**2 + 1014*x - 30. Give m(37).
525
Let y(u) = u**3 - 16*u**2 + 66*u - 54. What is y(10)?
6
Let p(w) = -w**2 - 332*w - 329. Calculate p(-1).
2
Let a(v) = -63*v**2 + 3275*v + 17. Give a(52).
-35
Let d(r) = -4013*r - 16063. Determine d(-4).
-11
Let u(x) = -88*x - 579. What is u(-7)?
37
Let r(k) = -k**3 - 5*k**2 - 2*k + 2. Give r(-4).
-6
Let y(g) = -g**2 + 1367*g + 17942. What is y(-13)?
2
Let d(z) = 68*z + 194. Give d(-3).
-10
Let v(x) = -x**3 - 11*x**2 + 17*x + 337. Determine v(-8).
9
Let r(i) = -i**2 + 15*i + 250. Determine r(-10).
0
Let i(o) = o**3 - 10*o**2 - 766*o + 5463. What is i(7)?
-46
Let x(n) = -n**3 - 96*n**2 + 483*n - 2222. Give x(-101).
0
Let c(u) = 57*u - 3966. Determine c(72).
138
Let c(q) = -7*q**2 - 347*q + 135. What is c(-50)?
-15
Let x(q) = -q**3 - q**2 + 8*q + 8. Give x(-3).
2
Let i(x) = 3*x - 64. What is i(32)?
32
Let i(z) = -z**3 - 145*z**2 - 382*z + 6252. Determine i(-142).
4
Let o(n) = 2*n**2 + 4*n - 15. Give o(0).
-15
Let u(m) = 9*m**2 + 120*m - 33. Give u(-14).
51
Let z(y) = -y**2 + 11*y - 19. Give z(5).
11
Let z(m) = -122*m - 94. Give z(-4).
394
Let w(i) = -8*i**2 - 616*i + 2. Calculate w(-77).
2
Let o(y) = 157*y - 3276. What is o(21)?
21
Let l(i) = -43*i - 23. Give l(-1).
20
Let t(a) = -a**3 + 5*a**2 + 90*a - 410. Give t(4).
-34
Let p(j) = j**3 - 250*j**2 - 1530*j + 25. Determine p(-6).
-11
Let o(r) = -r**3 - r**2 + r + 120. Calculate o(0).
120
Let j(d) = d**3 - 20*d**2 + 22*d + 487. What is j(17)?
-6
Let y(m) = -3*m**2 + 12*m - 26. Calculate y(-8).
-314
Let c(k) = -k**2 + 12*k + 41. Give c(10).
61
Let o(r) = -12*r**3 - 2*r**2 - 4*r - 5. Give o(-1).
9
Let z(u) = -2964*u - 246011. What is z(-83)?
1
Let i(k) = -k**2 - 164*k - 4231. Calculate i(-32).
-7
Let i(z) = -3*z**2 - 41*z + 618. Give i(9).
6
Let m(p) = 318*p - 1274. Calculate m(4).
-2
Let g(k) = k**3 + 7*k**2 - 2*k + 21. Give g(-8).
-27
Let i(f) = 2242*f - 24651. Calculate i(11).
11
Let r(l) = l**3 + 64*l**2 - 379*l + 2865. Calculate r(-70).
-5
Let r(j) = -j**2 + 4*j - 5. Give r(0).
-5
Let n(b) = 11*b**3 + 154*b**2 + b + 2. Give n(-14).
-12
Let s(t) = -t**3 - 48*t**2 - 94*t - 95. Calculate s(-46).
-3
Let t(v) = v**2 - 45*v - 269. Determine t(51).
37
Let p(i) = -2*i**2 - 24*i - 39. Determine p(-16).
-167
Let w(m) = 5*m**2 - 135*m - 7. Give w(27).
-7
Let g(t) = 2*t**3 - 7*t**2 + 42*t - 11. Determine g(6).
421
Let z(s) = 99*s + 20800. Determine z(-210).
10
Let r(m) = 33*m - 344. What is r(6)?
-146
Let b(j) = -4*j - 205. Calculate b(-60).
35
Let t(d) = d**3 - 39*d**2 - 80*d - 106. Give t(41).
-24
Let f(g) = -31*g**2 - 1610*g + 94. Determine f(-52).
-10
Let i(j) = 2*j**3 + 2*j**2 - 2*j - 277. What is i(0)?
-277
Let q(c) = c**3 + 5*c**2 - 484*c + 7. Calculate q(0).
7
Let u(v) = v**3 + 2*v**2 - 3*v - 3. Determine u(0).
-3
Let z(j) = -j**3 - j**2 + 161*j - 336. What is z(11)?
-17
Let a(p) = -p**3 - 5*p**2 + 4*p + 1. Determine a(-4).
-31
Let j(b) = b**2 - 20*b + 126. Give j(12).
30
Let u(x) = -2*x**3 - 7*x**2 - 2*x + 15. Calculate u(-4).
39
Let k(s) = 53*s + 412. Calculate k(-14).
-330
Let q(f) = -4*f**2 - 98*f + 168. What is q(-29)?
-354
Let p(v) = -113*v - 2712. Calculate p(-24).
0
Let s(l) = -2*l**3 + 15*l**2 + 23*l - 121. Determine s(8).
-1
Let j(g) = -g**2 + 48*g - 469. Give j(34).
7
Let z(g) = 11*g - 14. Determine z(5).
41
Let g(j) = -j**2 - 209*j + 15167. Determine g(57).
5
Let q(j) = -3*j**2 - 3*j + 199. Calculate q(-13).
-269
Let m(q) = -q**3 + 33*q**2 - 271*q + 144. Give m(13).
1
Let y(w) = 2*w**2 - 4*w - 11. What is y(3)?
-5
Let f(w) = -2*w**2 + 31*w - 18. Determine f(15).
-3
Let x(c) = -2*c**3 + 12*c**2 - 14*c + 25. Determine x(5).
5
Let f(q) = q**3 - 6*q**2 - 12*q - 16. What is f(-4)?
-128
Let o(n) = n**3 + 60*n**2 + 326*n + 99. What is o(-54)?
-9
Let n(w) = w**2 - 9*w + 18. Give n(9).
18
Let p(s) = -s**3 - 6*s**2 - 6*s + 2. Determine p(-6).
38
Let s(q) = -100*q - 3623. What is s(-32)?
-423
Let v(d) = -109*d**2 - 310*d + 54. Give v(-3).
3
Let r(g) = 789*g + 6277. What is r(-8)?
-35
Let a(n) = -n**2 + 90*n + 2612. Calculate a(-23).
13
Let m(f) = 3*f**2 - 1148*f + 7881. Calculate m(7).
-8
Let h(k) = -33*k - 254. Give h(-8).
10
Let g(z) = -6180*z - 6179. What is g(-1)?
1
Let a(t) = -304*t + 3638. Determine a(12).
-10
Let h(v) = -170*v + 2762. Calculate h(16).
42
Let z(a) = -201*a + 2223. Calculate z(11).
12
Let t(y) = -31*y + 256. Give t(8).
8
Let u(t) = -6*t**2 + 35*t - 145. Calculate u(6).
-151
Let a(g) = -g**3 + 3*g**2 - 2*g + 19. Calculate a(5).
-41
Let f(x) = x**2 + 45*x - 968. Calculate f(-62).
86
Let g(f) = f**2 + 206*f + 10602. Give g(-102).
-6
Let i(c) = -c**2 + 11*c + 44. What is i(16)?
-36
Let m(k) = -386*k - 36662. What is m(-95)?
8
Let k(p) = 101*p + 1694. Determine k(-17).
-23
Let v(g) = 26*g + 726. Determine v(-30).
-54
Let j(a) = 4*a**2 - 160*a + 325. What is j(2)?
21
Let o(h) = 949*h - 15186. Calculate o(16).
-2
Let n(k) = -23*k - 1385. Give n(-62).
41
Let q(u) 